remainder when l is divided by 13?
9
Suppose 4*b - 315 = -o, -30 = -b - o + 48. What is the remainder when 3000 is divided by b?
77
Let x be ((-2)/(-6) + 2090/(-6))/1. Let q = x - -392. What is the remainder when 259 is divided by q?
39
Suppose 2*i - 49 = -29. Suppose 0 = 13*h + i*h - 230. Calculate the remainder when 124 is divided by h.
4
Let o(m) = 2*m**3 + 37*m**2 + 116*m + 2483. Calculate the remainder when o(-17) is divided by 62.
14
Suppose -2*l + 10282 = -2*w, 0 = -l + 4*w - 5*w + 5151. What is the remainder when l is divided by 19?
16
Suppose 3*w = 5*b + 25, -3*w + 4*b = w - 36. Suppose c + 1899 = w*c. What is the remainder when c is divided by 100?
11
Let w be 4*(0/(-2) + (-8)/16). Let k be (-112)/(-35)*w/(6/(-15)). Calculate the remainder when 144 is divided by (-116)/(-6)*-4*(-6)/k.
28
Let u(h) = 70*h**2 - 7*h - 3. Let v be (-1)/(-2) - 2/(8/6). Calculate the remainder when u(v) is divided by 11.
8
Let f(s) = s**3 + 11*s**2 + s - 2. Let w be f(-11). Let l be (-14)/(-91) - (-15)/w. Calculate the remainder when 5/10*(l - -7) + 115 is divided by 30.
28
Suppose -114 = -14*w - 24*w. Suppose -w*z - 9*u + 11*u = -1985, -3*u + 2675 = 4*z. What is the remainder when z is divided by 74?
73
Suppose 0 = 40*b - 38*b. Suppose -3*i = -b*i + k - 81, -4*k = -3*i + 81. Let p = i - 16. Calculate the remainder when 42 is divided by p.
9
Let n(p) = 19*p + 4. What is the remainder when 69 is divided by n(3)?
8
Suppose 0 = 3*n + 3*k - 1131 - 1353, 0 = 2*n - k - 1647. What is the remainder when n is divided by 265?
30
Let l(u) = 19*u**3 - 77*u**2 + 9*u - 8. Suppose -2*t + 4*w + 26 = 0, 5*t = t + 4*w + 44. Calculate the remainder when l(4) is divided by t.
3
Let n be (-2)/(-2)*(-5 - -5). Suppose 4*l + 16 = 4*a, n - 4 = -2*a + l. Suppose 188 = 4*u - a*u. What is the remainder when u is divided by 8?
7
Suppose 0 = 12*u - 1710 - 882. Suppose -u = -113*r + 95*r. What is the remainder when 297 is divided by r?
9
Calculate the remainder when 7214/12 + -1 + -3*80/(-288) is divided by 43.
42
Let k = -502 - -580. What is the remainder when 1941 is divided by k?
69
Suppose 3*u + 99 = 3*n, -5*n + 214*u - 217*u + 189 = 0. What is the remainder when 390 is divided by n?
30
Calculate the remainder when 4*7125/20 - (-10 - 1) is divided by 694.
48
Suppose -2*t + 2*w + 550 = 0, 5*t - 2*t - 795 = -3*w. Let q = t - 131. Suppose 15 = i + 5*x, -i + 2*x = -2*i + 27. What is the remainder when q is divided by i?
34
Let s(c) = c**3 + 17*c**2 - 33*c - 236. What is the remainder when s(-16) is divided by 201?
146
Suppose 63210 = -10226*c + 10268*c. Calculate the remainder when c is divided by 58.
55
Let k be -6 - 4 - -7 - -18. Let z(d) = d**3 - 15*d**2 - d + 38. What is the remainder when z(k) is divided by 1*(0 - -13*1)?
10
Suppose 915 + 504 = 33*g. Let c = 20 + -18. Suppose 17 = c*r - 13. Calculate the remainder when g is divided by r.
13
Suppose -27*a = -625 - 2453. Suppose -48*g = -46*g - a. What is the remainder when g is divided by 16?
9
Let c(i) = -12*i**3 - 19*i**2 - 3*i + 9. Calculate the remainder when c(-3) is divided by 58.
55
Suppose 2*i + 75 = 451. Let d = 1033 + -988. Calculate the remainder when i is divided by d.
8
Suppose 4*d - u = 111 + 400, 4*u = 4*d - 508. What is the remainder when 2813 is divided by d?
125
Let u(d) be the third derivative of 5*d**4/6 - 7*d**3/3 - 20*d**2. Let z be u(-3). Let r = z + 127. What is the remainder when r is divided by 15?
8
Let m = -7132 - -7314. Calculate the remainder when 672 is divided by m.
126
Let t = 260 - 78. Let m(v) be the third derivative of -3*v**4/8 + 5*v**3/3 - 25*v**2. Calculate the remainder when t is divided by m(-3).
34
Let s = -5 - -6. Let d(z) = 66*z**2 - z. Suppose -152*f = 84*f - 5192. Calculate the remainder when d(s) is divided by f.
21
Let j = 317 + -202. Calculate the remainder when j is divided by 11 + 435/35 + -4 + 12/21.
15
Let d(i) = i**2 - i + 3. Let n be d(-1). Suppose 350 = 5*u + 5*f, 3*u - 177 = n*f + 73. What is the remainder when u is divided by 29?
17
Let j = -107 + 175. Let y(m) = -m**2 - 4*m + 148. Suppose h + 3*h = 3*n - 26, -4*n + 4*h = -36. Calculate the remainder when j is divided by y(n).
4
Suppose 5*x - 92 = -2*l, 3*x + 215 = 5*l - 15. Suppose 4*u = 2*a + l, 7*u - 2*u = -5*a + 20. What is the remainder when 131 is divided by u?
5
Let n(a) be the first derivative of 8*a**2 - 126*a + 103. What is the remainder when n(16) is divided by 19?
16
Let q(l) = -l**2 - 29*l - 158. Let k(c) = c**2 + 28. Calculate the remainder when q(-19) is divided by k(0).
4
Suppose -380 = -222*z + 1496 + 573 - 451. Let r(t) = 5*t + 5. What is the remainder when r(4) is divided by z?
7
Let o(x) = -186*x + 1493. Suppose 2*g - z - 131 = 0, -2*z + 0*z = -g + 70. What is the remainder when g is divided by o(8)?
4
Let l(t) = 17*t - 7. Let d = 1 - 5. Let h be l(d). Let r = h + 97. Calculate the remainder when 107 is divided by r.
19
Let k(b) = -304*b**3 - 4*b**2 - 2*b + 1. Let a(o) = -o**2 - 11*o + 11. Let x be a(1). What is the remainder when k(x) is divided by 8?
7
Suppose -4*y + 86 = 5*q, -2*q + 20 = -y + 2*y. Suppose 18 + y = 21*a. What is the remainder when 25 is divided by a?
1
Suppose 1063*l = 1171*l - 25920. What is the remainder when l is divided by 87?
66
Let w(d) = -d**2 + 6*d + 1. Let s be w(8). Let f = 28 + s. Suppose o = -7*t + 4*t + 23, -4*t + 4*o = -36. What is the remainder when f is divided by t?
5
Let k = -632 + 950. What is the remainder when k is divided by 46?
42
Suppose -156*j - 141*j + 63*j = -41*j - 7334. Let y = -45 - -195. What is the remainder when y is divided by j?
36
Suppose -163*q + 143*q = -21100. Calculate the remainder when q is divided by 152.
143
Let h be ((-3)/1)/(-3)*-3. Let w be h + (-442)/(-4 + 2). Suppose 63 = i - 5*j, j + w = 4*i - 2*j. What is the remainder when i is divided by 8?
5
Let y(h) = -14*h**2 + 1160*h + 199. What is the remainder when 28344 is divided by y(83)?
30
Let h(y) = 10 + y**2 + 9*y + 0*y**2 + y**2. Let l be 22/(-6) - 3/9. Calculate the remainder when 52 is divided by h(l).
4
What is the remainder when -3 - 21/(-6) - ((-5769)/18 - -2) is divided by 318?
1
Let u = -9 - -12. What is the remainder when 6/(-24)*-13 - (19/(-4) + 5) is divided by u?
0
Suppose -14*f = -18*f + 56. Suppose 19*g - f*g - 980 = 0. Calculate the remainder when g is divided by 33.
31
Let i = -142 + 145. Suppose -77 = -2*t + 3*b, i*t + 5*b - 56 = 12. What is the remainder when 150 is divided by t?
26
Suppose -4*o = -18*l + 13*l + 8, 0 = -2*o - 5*l - 34. What is the remainder when -12*(-4 - -53)/o is divided by 36?
12
Let b = 32663 - 26268. Calculate the remainder when b is divided by 10.
5
Let c = 5 + -3. Suppose -5*z + 4*i = -20 - 19, 0 = -i + 4. What is the remainder when z is divided by ((-1)/c)/(6/(-72))?
5
Let t = -11 - -22. Suppose 3*m + 31 = -17. Let q = 27 - m. What is the remainder when q is divided by t?
10
What is the remainder when (-5)/((-15)/141)*(-9 + 10) is divided by 15*(3 - 2) + 3?
11
Let t = -146 + 260. What is the remainder when t is divided by 58?
56
Let f(c) = -25*c - 9. Suppose -180 + 816 = -6*i. What is the remainder when f(-6) is divided by (-10)/4 - i/4?
21
Let z(s) = -102*s - 1216. What is the remainder when z(-12) is divided by 1?
0
Let k = 21 + -21. Suppose k*z + z = 0. Suppose -j - 3*j + 64 = z. Calculate the remainder when j is divided by 9.
7
Suppose -23*v = -2470 - 1904 + 1683. What is the remainder when v is divided by 61?
56
Suppose 0 = 18*d - 22*d - 84. Let r = d - 7. What is the remainder when 31 is divided by 16*((-22)/r - (-4)/(-14))?
7
Suppose 204*s = 201*s + 45. Suppose 0 = -s*v + 18*v - 63. Suppose p - 4 = 0, -4*g + 2*p + 14 + 6 = 0. What is the remainder when v is divided by g?
0
Let z(n) = 24*n**2 + 21*n + 54. Let b(r) = 91*r**2 - 20*r - 21. Calculate the remainder when z(-4) is divided by b(-1).
84
What is the remainder when 68 is divided by ((-12)/(-4) + 161/(-46))*-2?
0
Suppose -d = 3*j - 356, 0 = 3*j - 4*d + 21 - 382. Suppose -i = 2*b - 26, b + 3*i + 27 = 2*b. Calculate the remainder when j is divided by b.
14
Let p be 1794/(-24) + (-1)/4. Let i be 2/((-10)/p)*2/(-3). Let q(z) = -z**3 - 11*z**2 - 11*z + 9. Calculate the remainder when 34 is divided by q(i).
15
Suppose 3*i - 2*i = 3*b + 442, -5*b = 0. Suppose i = 21*r - 230. Calculate the 